nder when 377695 is divided by 232.
231
What is the remainder when 8155 is divided by 40?
35
Calculate the remainder when 507543 is divided by 18.
15
Calculate the remainder when 12739 is divided by 15.
4
Calculate the remainder when 80609 is divided by 23.
17
Calculate the remainder when 811 is divided by 684.
127
Calculate the remainder when 277022 is divided by 5.
2
What is the remainder when 57175 is divided by 126?
97
What is the remainder when 1201395 is divided by 50?
45
What is the remainder when 13989 is divided by 605?
74
Calculate the remainder when 21789 is divided by 295.
254
Calculate the remainder when 5631 is divided by 41.
14
Calculate the remainder when 1123 is divided by 1052.
71
What is the remainder when 46971 is divided by 1119?
1092
Calculate the remainder when 411852 is divided by 37439.
23
Calculate the remainder when 7461 is divided by 277.
259
What is the remainder when 152338 is divided by 17?
1
Calculate the remainder when 316483 is divided by 158226.
31
What is the remainder when 29570 is divided by 76?
6
Calculate the remainder when 23203 is divided by 23024.
179
Calculate the remainder when 81341 is divided by 6.
5
Calculate the remainder when 90187 is divided by 136.
19
Calculate the remainder when 165818 is divided by 335.
328
What is the remainder when 1791 is divided by 961?
830
Calculate the remainder when 11164 is divided by 48.
28
What is the remainder when 25102 is divided by 659?
60
Calculate the remainder when 443 is divided by 30.
23
Calculate the remainder when 24567 is divided by 4091.
21
What is the remainder when 19519 is divided by 1082?
43
What is the remainder when 10104 is divided by 11?
6
Calculate the remainder when 7686 is divided by 591.
3
What is the remainder when 135163 is divided by 528?
523
What is the remainder when 296775 is divided by 37?
35
What is the remainder when 6269 is divided by 481?
16
Calculate the remainder when 181336 is divided by 8239.
78
What is the remainder when 4940 is divided by 102?
44
What is the remainder when 144553 is divided by 18?
13
What is the remainder when 7455 is divided by 60?
15
Calculate the remainder when 61894 is divided by 50.
44
Calculate the remainder when 19657 is divided by 2731.
540
What is the remainder when 60851 is divided by 6?
5
Calculate the remainder when 622 is divided by 561.
61
Calculate the remainder when 34239 is divided by 418.
381
What is the remainder when 68453 is divided by 436?
1
What is the remainder when 10105 is divided by 4580?
945
What is the remainder when 40578 is divided by 117?
96
What is the remainder when 17298 is divided by 13?
8
What is the remainder when 35520 is divided by 41?
14
What is the remainder when 110805 is divided by 4?
1
Calculate the remainder when 103684 is divided by 2160.
4
Calculate the remainder when 1388 is divided by 181.
121
Calculate the remainder when 12049 is divided by 263.
214
Calculate the remainder when 1838 is divided by 865.
108
Calculate the remainder when 21908 is divided by 5442.
140
Calculate the remainder when 732122 is divided by 54.
44
What is the remainder when 116320 is divided by 397?
396
Calculate the remainder when 16866 is divided by 135.
126
Calculate the remainder when 40845 is divided by 5104.
13
Calculate the remainder when 11067 is divided by 1124.
951
What is the remainder when 4236 is divided by 1244?
504
What is the remainder when 400543 is divided by 277?
1
What is the remainder when 4534 is divided by 1990?
554
What is the remainder when 3799 is divided by 362?
179
What is the remainder when 7462 is divided by 24?
22
What is the remainder when 40129 is divided by 669?
658
What is the remainder when 1904 is divided by 6?
2
Calculate the remainder when 47478 is divided by 11866.
14
Calculate the remainder when 4197 is divided by 1395.
12
What is the remainder when 34010 is divided by 11331?
17
What is the remainder when 14924 is divided by 130?
104
Calculate the remainder when 248 is divided by 65.
53
Calculate the remainder when 4343 is divided by 1397.
152
What is the remainder when 26398 is divided by 30?
28
What is the remainder when 7002 is divided by 2330?
12
What is the remainder when 75809 is divided by 15161?
4
Calculate the remainder when 1057020 is divided by 27.
24
What is the remainder when 4635 is divided by 13?
7
What is the remainder when 217872 is divided by 32?
16
Calculate the remainder when 28072 is divided by 5570.
222
What is the remainder when 21673 is divided by 7222?
7
Calculate the remainder when 81535 is divided by 691.
688
What is the remainder when 20746 is divided by 4141?
41
What is the remainder when 385680 is divided by 96418?
8
What is the remainder when 46760 is divided by 2152?
1568
What is the remainder when 3302 is divided by 572?
442
Calculate the remainder when 1798 is divided by 1789.
9
What is the remainder when 190785 is divided by 563?
491
Calculate the remainder when 7995 is divided by 68.
39
What is the remainder when 250750 is divided by 128?
126
What is the remainder when 19014 is divided by 1000?
14
What is the remainder when 1786 is divided by 547?
145
What is the remainder when 1601 is divided by 285?
176
What is the remainder when 76482 is divided by 7642?
62
Calculate the remainder when 33380 is divided by 16687.
6
Calculate the remainder when 14143 is divided by 7063.
17
What is the remainder when 103432 is divided by 546?
238
Calculate the remainder when 45333 is divided by 11330.
13
Calculate the remainder when 388750 is divided by 312.
310
Calculate the remainder when 159406 is divided by 14482.
104
What is the remainder when 64333 is divided by 5848?
5
Calculate the remainder when 24196 is divided by 21.
4
What is the remainder when 21224 is divided by 64?
40
What is the remainder when 420486 is divided by 70081?
0
What is the remainder when 20321 is divided by 20321?
0
What is the remainder when 80536 is divided by 11501?
29
What is the remainder when 328233 is divided by 16?
9
Calculate the remainder when 346361 is divided by 176.
169
What is the remainder when 27908 is divided by 24?
20
Calculate the remainder when 135130 is divided by 50.
30
Calculate the remainder when 11536 is divided by 83.
82
What is the remainder when 5940 is divided by 56?
4
What is the remainder when 743 is divided by 228?
59
What is the remainder when 8169 is divided by 1631?
14
What is the remainder when 31488 is divided by 607?
531
What is the remainder when 57371 is divided by 255?
251
Calculate the remainder when 288163 is divided by 28810.
63
What is the remainder when 624229 is divided by 118?
9
What is the remainder when 36171 is divided by 238?
233
What is the remainder when 22729 is divided by 11361?
7
Calculate the remainder when 17805 is divided by 198.
183
What is the remainder when 3800 is divided by 334?
126
Calculate the remainder when 17509 is divided by 17495.
14
Calculate the remainder when 60332 is divided by 2012.
1984
Calculate the remainder when 389 is divided by 180.
29
Calculate the remainder when 84678 is divided by 10.
8
What is the remainder when 295918 is divided by 221?
220
Calculate the remainder when 555 is divided by 111.
0
Calculate the remainder when 43498 is divided by 15.
13
What is the remainder when 2422269 is divided by 169?
161
Calculate the remainder when 5479 is divided by 9.
7
Calculate the remainder when 7433 is divided by 111.
107
Calculate the remainder when 150891 is divided by 16.
11
What is the remainder when 119866 is divided by 84?
82
Calculate the remainder when 113535 is divided by 509.
28
Calculate the remainder when 87300 is divided by 67.
66
What is the remainder when 53968 is divided by 173?
165
What is the remainder when 16521 is divided by 557?
368
Calculate the remainder when 355758 is divided by 61.
6
What is the remainder when 1885 is divided by 1589?
296
Calculate the remainder when 12993 is divided by 372.
345
Calculate the remainder when 1993 is divided by 108.
49
Calculate the remainder when 1235 is divided by 1217.
18
What is the remainder when 1948505 is divided by 3?
2
What is the remainder when 31230 is divided by 228?
222
What is the remainder when 1482 is divided by 659?
164
Calculate the remainder when 4969 is divided by 2479.
11
Calculate the rem